 is 11 - (-1 - -21) - ((72 - (11 + -7)) + 11)?
-88
(0 + 3 + -8 - (-23 + 14)) + -3 - 2
-1
What is (-1 - -38) + (9 - ((0 - -21) + -474 + 464))?
35
Calculate (-1 + -1 - (-9 + -29)) + (88 - 90) + -4.
30
What is the value of (-20 + 11 - -24) + (-12 - 0) + 30?
33
Calculate (48 - (-34 - -71)) + -37.
-26
Evaluate (1 - (-6 - 2)) + (-13 - -9) + -7.
-2
0 + (-62 - -47) + 42
27
(33 + 1 - -5) + 18 + (100 - 100)
57
What is -2 - 136 - (-2528 + 2347)?
43
Evaluate -58 + 11 - (-22 + 8) - (4 - -5).
-42
What is the value of (3 - -2) + 21 + -23 + (-9 - -1)?
-5
27 + (11 - (0 + (1 - -21 - 2)))
18
What is (-1206 - -1200) + 1 + -27?
-32
What is the value of -35 + 55 + (-22 - -9)?
7
What is (9 - -1) + (-13 + -7 - (92 - 117)) + 2?
17
What is 112 - 80 - (9 + 12)?
11
What is the value of (0 - -17) + -2 + (44 - 208 - -180)?
31
(51 - 57) + (2 - -16) - 78 - (2 + 6)
-74
Evaluate 12 + (1 + 50 + 2 + 2 - (-6 + -4)).
77
Calculate (82 - (32 + -77 - -74)) + 39.
92
What is the value of -4085 + 4024 - ((6 - 1) + -3 + -8)?
-55
-7 + 37 - (-4 + -2 + 6 + -12)
42
What is (-2 + -7 + (-2 - -7) - 8) + 22?
10
What is 52 + -129 - -135 - -68?
126
What is 20 - 2 - 3 - (-45 - (2 + -9))?
53
What is -93 - ((1 - 10) + (12 - -34) + -44 + 21)?
-107
Evaluate (38 - 7 - 8) + 16 + 11.
50
What is the value of (12 - -1 - 0) + (-2 + -52 - -35)?
-6
What is 3 + (3 - (-4 - -8)) + 14?
16
24 + -16 + -30 + -1
-23
(-192 - -91) + 77 - (-2 + -2 - (1 + -2))
-21
What is -19 - (36 + (-65 - -22))?
-12
Calculate 3 + 13 - (-25 - -33) - 6 - (24 + 0).
-22
-65 - (-40 + (63 - 86))
-2
What is -8 + (47 - -4) + 34 + -36?
41
Calculate -7 + (2 - 21 - -12) + (11 - 8) + -89.
-100
What is the value of 6 + 21 + (-11 - (-27 + 15 - -4))?
24
Evaluate (80 - 42 - 41) + 39 + -6.
30
Calculate (2 - (4 + -11 - -10)) + 51.
50
What is the value of (-2 - 13) + 6 + 2 + 2 + -2?
-7
What is 1 + (-10 - -18) + -43 - (-8 - -2)?
-28
What is the value of -56 + -23 + 13 + 0 + 4 + -3?
-65
What is 16 + (39 - 58) + -2 + (4 + -2 - -72)?
69
What is the value of (-49 - -20) + 19 - 3?
-13
Evaluate -2379 - -2354 - (-10 - 0).
-15
106 - 12 - (-17 + 7 - -7)
97
(-12 - 0) + (177 + -203 - -66)
28
What is the value of 16 - (4 + (6 - 5) + 16)?
-5
Calculate -13 + 55 + -56 + 24 + 10 + 6.
26
Calculate (-90 - -25 - ((16 - (7 - 1)) + -1)) + 8.
-66
What is the value of -77 + 53 + 147 + -33?
90
Evaluate 27 - ((-29 - -68) + -135 + 49).
74
What is the value of 19 - ((-1 - -12) + (-12 - 5) + (0 - -15))?
10
What is the value of 35 + (-13 - (-18 - -9)) + 5 + -10?
26
30 + 7 - (-29 + 72)
-6
Calculate -15 - ((3 - -4) + 14 + -14) - 17.
-39
What is the value of 7 + (-79 - 0 - 10) - (-5 - (0 - -3))?
-74
What is 65 - (-12 + 31 + 16)?
30
18 - 11 - (88 + -96 - (96 - -1))
112
Calculate (41 - (-23 + 49) - (6 + (4 - 8))) + -2.
11
Calculate -2 + (3 - (-2 - -10)) - (30 + -2 + 10).
-45
What is 41 + (-39 - -47) + -81?
-32
What is -7 - (14 - (10 + 13))?
2
What is the value of (-28 - ((25 - 59) + 13)) + 14 + 1?
8
Evaluate -50 - (-131 + 21 + 79).
-19
What is the value of 61 + (-11 - -7) + -20 - (-1 + -13)?
51
What is -36 + (63 - (21 - 40))?
46
What is 16 + (-17 - (6 + -20)) + 18?
31
-24 + (87 - (16 - -18))
29
What is -2 - (98 + (-11 - 3) + (6 - 22))?
-70
Evaluate -47 + -11 + 3 + (9 - (1 + -2)).
-45
Evaluate 22 - 1 - (76 - 52) - 56.
-59
What is the value of 30 + 15 + -41 - -16?
20
Evaluate 498 + -434 + -16 + -19.
29
-154 - -136 - (-85 - -29)
38
Evaluate 0 + -20 + 10 + 10 + (-2 - (14 + 5)).
-21
What is -70 + 52 - (-6 + -3) - -16?
7
Evaluate 13 - 50 - -40 - -17 - (0 - -13).
7
Calculate (13 - (5 + 4)) + 0 + -45 - -11.
-30
What is the value of (-1 + -4 + 30 - 49) + 60?
36
Calculate -31 - -18 - (-5 - (-7 + (4 - -5))).
-6
Evaluate -41 - ((22 - 20) + -1 + (1 - 4)) - 2.
-41
(6 - (5 - 15 - -26)) + 0 + -2 + 62
50
Evaluate (6 - 9) + (-477 - -410).
-70
What is the value of (-1 + 0 - (-39 - (-15 + 14))) + (-5 - 8)?
24
Calculate 39 + (-5 - 77) + 55 - (107 + -1).
-94
What is the value of -69 + 40 + -10 - -37?
-2
What is 15 + -22 + 43 + -25 + -7 + -1?
3
What is 0 - (24 + (8 - (-18 - -7)))?
-43
What is the value of -35 + (-14 - (-19 + -15 + 6))?
-21
115 + -7 + -114 + -13
-19
Evaluate -2 + 4 - 7 - (-110 + 134).
-29
Evaluate 57 + -86 + 2 + 36.
9
((20 - 36) + 13 - -17) + -20
-6
-14 + (-74 - (68 - 167))
11
Calculate 0 + 23 + 4 - -8.
35
Calculate -7 + -18 + (28 - (-1 - -2)) + -57.
-55
Calculate -9 + -12 - (12 - (12 - -19)).
-2
Calculate -174 + 59 + 93 - (-97 - 0).
75
What is -43 - -14 - (-9 + (10 - 17 - -18) - -6)?
-37
-17 + 4 + 69 + -88 - -23
-9
What is (22 - -22 - 5) + 3 + (-3 + -1 - 0)?
38
(-7 - (-72 - -52) - (-1 + 15)) + 9 + -14
-6
Calculate (1 - 8) + (68 - 85 - -41 - (1 - 24)).
40
Calculate -12 - (-9 + (-8 - -4 - -6) + -5 + 7).
-7
What is the value of 29 + -3 - -8 - (0 - 25)?
59
Evaluate 9 + 4 + -10 + (-57 - ((-11 - 6) + 8)).
-45
What is 3 + (3 - 4) + 5 + -2 + (-270 - -160)?
-105
What is (-1263 - -1299) + -18 + 0?
18
What is -33 + -21 + -1 + 11 + 0?
-44
(-31 - (-12 - 9)) + (49 - -10)
49
Evaluate -11 - (90 - (-14 + 80)).
-35
Calculate -1260 - -1265 - (11 + -3 - 0).
-3
41 + (-4 + -23 - 11) + (0 + 93 - -1)
97
Evaluate 5 - (93 - -10 - 27) - -17.
-54
-8 + 107 + (-305 - -152)
-54
Evaluate 11 + (46 - 17) + -19 + -14 + -7 + 1.
1
Evaluate 96 + 61 + (-114 - 33).
10
Evaluate 478 + -417 + (52 - 11).
102
What is the value of (-18 - 1) + 4 + (38 - 36)?
-13
-20 - (-40 + (1 - -10)) - 22
-13
Calculate 6 + 5 - (64 - ((1 - -11) + -14)).
-55
Evaluate -17 - 0 - (10 - (108 - (11 + -4))).
74
Evaluate (24 - (47 - 21) - 76) + (-11 + 5 - 1).
-85
What is the value of -484 - -555 - (-7 + (2 - 16))?
92
What is the value of -26 + (0 - -9) + 22 - (-32 - -6)?
31
Calculate (-28 - (-7 + 3)) + (-113 - (-5 + -148)).
16
What is 21 + (-9 - (34 + (2 - 2)))?
-22
What is the value of (-15 + -21 - 27 - -21) + -5 + -6?
-53
Calculate 4 + (-2 - 15) + (300 - 291 - (2 - -3)).
-9
Evaluate (12 - ((18 - 0) + 44)) + 39.
-11
Calculate -31 - 2 - (3 - 5) - (-94 - (141 - 230)).
-26
-2 - (-526 - -548 - (1 - -31))
8
Evaluate -7 + (-7 + -1 - (-69 + 51) - (0 - 5)).
8
What is the value of (1 - 141) + 114 + (53 - -3)?
30
What is 0 + 0 - (-9 - (68 + 17 + -93))?
1
What is the value of 4 + 3 + -3 - 0 - (10 + (-18 - -44))?
-32
-69 + -96 + -145 + 297
-13
3 + 5 - (8 + (10 - -6) + -2 + -4)
-10
-39 + 44 + 29 - 58
-24
81 - ((-123 - -102) + 175)
-73
Calculate (41 - 42) + 4 + -48.
-45
What is 4 + -21 + (-6 - -3 - 9 - (136 + -157))?
-8
0 + -7 + 10 - (-9 - (12 + -17))
7
(30 - (-1 - -43)) + (4 - -2 - -2) + 1
-3
What is the value of -7 - (47 + -12) - (6 + -21)?
-27
-14 + (0 + 139 - (149 + -153)) - -10
139
-29 + 30 + -11 - (-2 - (-110 + -4 - 5))
-127
-29 + (47 - 10) + 16 + -16 + -10 + 0
-2
What is -27 - (-8 - (-26 + 7))?
-38
What is -29 + 1 + 19 + (63 - -8)?
62
What is -2 + 2 + -3 + 11 - (823 + -852)?
37
What is (121 - 76) + -31 + 2 + -5 - (75 + 1)?
-65
Evaluate (48 - -183 - 96) + -110.
25
What is -47 + 19 + 31 + -10?
-7
Calculate 3 - ((-21 - (-10 + 9)) + 52).
-29
What is the value of -42 + (0 - (-3 - (-5 - -7))) + -6?
-43
Evaluate (108 - -2) + 16 - 58.
68
-5 - 8 - (-58 + -49)
94
Calculate 7 + (-20 + 16 - (2 - -2)).
-1
Calculate 39 + 38 + -81 + -11.
-15
Calculate -269 + 57 - -80 - -50.
-82
What is the value of 113 - 84 - (-1 - (5 - (-10 + 6))) - -5?
44
What is 19 - 7 - (2 - (60 + -10) - -14)?
46
What is (-23 - (-62 - (-21 + 20))) + 31?
69
Evaluate -36 - (44 + -132) - 15.
37
Evaluate (0 - 29) + -19 + 12.
-36
7 - (14 - 6) - (58 - (-19 + 13 - -7))
-58
What is the value of -11 + -140 - -49 - -67?
-35
What is 2 + 103 + -10041 + 9939?
3
94 - 9 - (-29 + 82)
32
What is the value of 167 + -159 - (20 + 1 - (-2 + 0 + 2))?
-13
What is the value of 0 + 65 - 3 - (4 + 0 - 2 - 6)?
66
Evaluate -63 - 7 - 9 - -11.
-68
What is the value of -9 + (7 - -2) + (10 - -14) + 5?
29
Evaluate -10 - ((5 - 6) + 0 - 17) - -18 - 1.
25
Evaluate 515 + -519 + -11 + -2 + 2.
-15
Evaluate -39 - ((70 - 50) + -35).
-24
7 + 127 - (-631 - -678)
87
Calculate -6 + 2 + -8 + 59 + -16.
31
Calculate (3 - 1) + 4 + ((9 - -2) + -102 - -20).
-65
What is 29 + (-44 - -14) - -29?
28
What is the value of -3 + 1 + (547 - 558) + -1 + 84?
70
Evaluate (55 - 45 - 133 - -19) + -4.
-108
Evaluate 80 - (-17 + 119) - -44 - (1 + 130).
-109
Evaluate (-239 + 91 - -82) + 147.
81
Calculate (8 - (11 + (2 - 2))) + 60 + 6.
63
What is -2 - 16 - (-32 + 34 + -16)?
-4
Wh